{"id":1422,"date":"2025-11-11T16:48:21","date_gmt":"2025-11-11T16:48:21","guid":{"rendered":"https:\/\/cuentaconloslacteos.eu\/bases-legales-du-concours-comptez-sur-les-produits-laitiers-europeens\/"},"modified":"2025-11-11T17:21:04","modified_gmt":"2025-11-11T17:21:04","slug":"bases-legales-du-concours-comptez-sur-les-produits-laitiers-europeens","status":"publish","type":"page","link":"https:\/\/cuentaconloslacteos.eu\/fr\/bases-legales-du-concours-comptez-sur-les-produits-laitiers-europeens\/","title":{"rendered":"BASES L\u00c9GALES DU CONCOURS \u00ab Comptez sur les produits laitiers europ\u00e9ens \u00bb"},"content":{"rendered":"<p>[et_pb_section fb_built=\u00a0\u00bb1&Prime; _builder_version=\u00a0\u00bb4.27.4&Prime; _module_preset=\u00a0\u00bbdefault\u00a0\u00bb global_colors_info=\u00a0\u00bb{}\u00a0\u00bb][et_pb_row _builder_version=\u00a0\u00bb4.27.4&Prime; _module_preset=\u00a0\u00bbdefault\u00a0\u00bb global_colors_info=\u00a0\u00bb{}\u00a0\u00bb][et_pb_column type=\u00a0\u00bb4_4&Prime; _builder_version=\u00a0\u00bb4.27.4&Prime; _module_preset=\u00a0\u00bbdefault\u00a0\u00bb global_colors_info=\u00a0\u00bb{}\u00a0\u00bb][et_pb_text _builder_version=\u00a0\u00bb4.27.4&Prime; _module_preset=\u00a0\u00bbdefault\u00a0\u00bb hover_enabled=\u00a0\u00bb0&Prime; global_colors_info=\u00a0\u00bb{}\u00a0\u00bb sticky_enabled=\u00a0\u00bb0&Prime;]<\/p>\n<h1><strong>BASES L\u00c9GALES DU CONCOURS \u00ab Comptez sur les produits laitiers europ\u00e9ens \u00bb<\/strong><strong> <\/strong><strong><\/strong><\/h1>\n<h2>1. Entit\u00e9 organisatrice<\/h2>\n<p>Le pr\u00e9sent concours est organis\u00e9 par TACTICS EUROPE, S.A., dont le si\u00e8ge social est situ\u00e9 Paseo de la Infanta Isabel, 7 1\u00ba, 28014 Madrid, Espagne, et dont le num\u00e9ro d\u2019identification fiscale est A28900405, ci-apr\u00e8s d\u00e9nomm\u00e9e \u00ab L\u2019AGENCE \u00bb, agissant au nom et pour le compte de l\u2019Organisation Interprofessionnelle Laiti\u00e8re, ci-apr\u00e8s \u00ab INLAC \u00bb, entit\u00e9 promotrice de la campagne \u00ab Comptez sur les produits laitiers europ\u00e9ens \u00bb.<\/p>\n<p>Le concours est gratuit et se d\u00e9roulera via le compte officiel Instagram @cuentaconloslacteos.eu.<\/p>\n<h2>2. Objectif du concours<\/h2>\n<p>L\u2019objectif du concours est de promouvoir la campagne \u00ab Comptez sur les produits laitiers europ\u00e9ens \u00bb, une initiative lanc\u00e9e par INLAC pour encourager la consommation de trois produits laitiers par jour comme habitude saine et durable, en renfor\u00e7ant l\u2019engagement du secteur envers le bien-\u00eatre animal, l\u2019emploi rural et l\u2019environnement.<\/p>\n<p>Sur les r\u00e9seaux sociaux, l\u2019objectif sp\u00e9cifique est d\u2019augmenter la communaut\u00e9 de followers et de favoriser l\u2019interaction avec les utilisateurs.<\/p>\n<h2>3. Port\u00e9e territoriale et participants<\/h2>\n<p>Peuvent participer au concours toutes les personnes physiques \u00e2g\u00e9es de plus de 18 ans r\u00e9sidant l\u00e9galement en Belgique et disposant d\u2019un compte Instagram r\u00e9el.<\/p>\n<p>Les employ\u00e9s ou collaborateurs de <strong>L\u2019AGENCE<\/strong> ou <strong>d\u2019INLAC<\/strong> ne peuvent pas participer.<\/p>\n<h2>4. Dur\u00e9e<\/h2>\n<p>La p\u00e9riode de participation est ouverte du 12 novembre 2025 (date de publication du concours) au 22 d\u00e9cembre 2025 \u00e0 12h00 (heure belge). Aucune participation ne sera accept\u00e9e en dehors de cette p\u00e9riode.<\/p>\n<h2>5. Modalit\u00e9s de participation<\/h2>\n<p>Pour participer, les utilisateurs doivent remplir les conditions suivantes pendant la p\u00e9riode de validit\u00e9 du concours :<\/p>\n<ol>\n<li style=\"list-style-type: none;\">\n<ol>\n<li>Suivre le compte Instagram @cuentaconloslacteos.eu.<\/li>\n<li>Commenter la publication du concours en indiquant comment ils contribuent \u00e0 la durabilit\u00e9 lors de leurs achats.<\/li>\n<\/ol>\n<\/li>\n<\/ol>\n<p>Chaque utilisateur ne peut participer qu\u2019une seule fois. Le non-respect de l\u2019une des conditions entra\u00eenera l\u2019invalidation de la participation.<\/p>\n<h2>6. Prix<\/h2>\n<p>Le prix consiste en un chariot de courses con\u00e7u par l\u2019artiste @72kilos. Dix chariots seront tir\u00e9s au sort, d\u00e9signant ainsi dix gagnants.<\/p>\n<p>Le prix ne peut \u00eatre \u00e9chang\u00e9 contre sa valeur en esp\u00e8ces ni contre d\u2019autres produits.<\/p>\n<h2>7. S\u00e9lection et communication des gagnants<\/h2>\n<p>Le 22 d\u00e9cembre 2025, les gagnants seront s\u00e9lectionn\u00e9s de mani\u00e8re al\u00e9atoire via l\u2019application App Sorteos, garantissant la transparence du processus.<\/p>\n<p>Les gagnants seront annonc\u00e9s par un commentaire sur la publication du concours, mentionnant leur nom d\u2019utilisateur, et ce commentaire sera republi\u00e9 dans les Stories. De plus, <strong>L\u2019AGENCE<\/strong> contactera les gagnants par message direct (<strong>DM<\/strong>) sur Instagram pour leur demander les informations n\u00e9cessaires \u00e0 la livraison du prix.<\/p>\n<p>Toutes les communications se feront via le compte @cuentaconloslacteos.eu.<\/p>\n<p>Si un gagnant ne r\u00e9pond pas au message dans un d\u00e9lai de 5 jours ouvrables pour accepter le prix, il sera consid\u00e9r\u00e9 comme ayant renonc\u00e9 \u00e0 celui-ci et perdra son droit au prix.<\/p>\n<h2>8. Livraison du prix<\/h2>\n<p>Pour proc\u00e9der \u00e0 l\u2019envoi et respecter les obligations fiscales li\u00e9es au concours, le gagnant devra fournir \u00e0 <strong>L\u2019AGENCE<\/strong>, via message direct (DM) sur Instagram au compte @cuentaconloslacteos.eu, les donn\u00e9es personnelles suivantes :<\/p>\n<ul>\n<li style=\"list-style-type: none;\">\n<ul>\n<li>Nom et pr\u00e9nom complets<\/li>\n<li>Num\u00e9ro d\u2019identification fiscale (NIF)<\/li>\n<li>Adresse postale compl\u00e8te<\/li>\n<li>Num\u00e9ro de t\u00e9l\u00e9phone<\/li>\n<\/ul>\n<\/li>\n<\/ul>\n<p>Les prix seront envoy\u00e9s par service de messagerie \u00e0 l\u2019adresse indiqu\u00e9e par le gagnant dans un d\u00e9lai de 30 jours calendaires \u00e0 compter de l\u2019acceptation et de la transmission des donn\u00e9es n\u00e9cessaires.<\/p>\n<p><strong>L\u2019AGENCE et INLAC<\/strong> sont d\u00e9gag\u00e9es de toute responsabilit\u00e9 en cas de retard ou d\u2019incident li\u00e9 \u00e0 la livraison des prix pour des raisons non imputables \u00e0 <strong>L\u2019AGENCE<\/strong>, dont l\u2019obligation prend fin au moment o\u00f9 le prix est remis au service de messagerie pour livraison aux gagnants.<\/p>\n<h2>9. Protection des donn\u00e9es personnelles<\/h2>\n<p>tant que responsable du traitement, dans le but de g\u00e9rer la participation au concours, de respecter les obligations fiscales qui en d\u00e9coulent et de livrer les prix.<\/p>\n<p>Le traitement des donn\u00e9es sera effectu\u00e9 conform\u00e9ment \u00e0 la l\u00e9gislation espagnole et europ\u00e9enne en vigueur en mati\u00e8re de protection des donn\u00e9es (R\u00e8glement UE 2016\/679 \u2013 RGPD et Loi Organique 3\/2018, LOPDGDD).<\/p>\n<p>Les donn\u00e9es ne seront conserv\u00e9es que pendant le temps n\u00e9cessaire \u00e0 la gestion du concours et seront supprim\u00e9es une fois celui-ci termin\u00e9. Les participants peuvent exercer leurs droits d\u2019acc\u00e8s, de rectification, de suppression, d\u2019opposition, de limitation et de portabilit\u00e9 en envoyant une demande \u00e0 l\u2019adresse suivante : <a href=\"mailto:general@thetacticsgroup.com\">general@thetacticsgroup.com<\/a>.<\/p>\n<h2>10. Responsabilit\u00e9 d\u2019Instagram<\/h2>\n<p>Instagram ne sponsorise, n\u2019approuve ni n\u2019administre ce concours de quelque mani\u00e8re que ce soit, et n\u2019y est pas associ\u00e9. Les participants d\u00e9gagent enti\u00e8rement Instagram de toute responsabilit\u00e9 li\u00e9e au d\u00e9roulement du concours.<\/p>\n<h2>11. Acceptation des conditions<\/h2>\n<p>La participation au concours implique l\u2019acceptation int\u00e9grale des pr\u00e9sentes bases l\u00e9gales.<\/p>\n<p>Le non-respect de l\u2019un des points peut entra\u00eener l\u2019exclusion du participant.<\/p>\n<h2>12. Loi applicable et juridiction<\/h2>\n<p>Les pr\u00e9sentes bases sont r\u00e9gies par la l\u00e9gislation espagnole.<\/p>\n<p>Pour toute controverse pouvant d\u00e9couler de l\u2019interpr\u00e9tation ou de l\u2019ex\u00e9cution du pr\u00e9sent concours, les parties se soumettent express\u00e9ment aux tribunaux de la ville de Madrid, renon\u00e7ant \u00e0 toute autre juridiction.<\/p>\n<p>[\/et_pb_text][\/et_pb_column][\/et_pb_row][\/et_pb_section]<\/p>\n","protected":false},"excerpt":{"rendered":"<p>BASES L\u00c9GALES DU CONCOURS \u00ab Comptez sur les produits laitiers europ\u00e9ens \u00bb 1. Entit\u00e9 organisatrice Le pr\u00e9sent concours est organis\u00e9 par TACTICS EUROPE, S.A., dont le si\u00e8ge social est situ\u00e9 Paseo de la Infanta Isabel, 7 1\u00ba, 28014 Madrid, Espagne, et dont le num\u00e9ro d\u2019identification fiscale est A28900405, ci-apr\u00e8s d\u00e9nomm\u00e9e \u00ab L\u2019AGENCE \u00bb, agissant au nom et pour le compte de l\u2019Organisation Interprofessionnelle Laiti\u00e8re, ci-apr\u00e8s \u00ab INLAC \u00bb, entit\u00e9 promotrice de la campagne \u00ab Comptez sur les produits laitiers europ\u00e9ens \u00bb. Le concours est gratuit et se d\u00e9roulera via le compte officiel Instagram @cuentaconloslacteos.eu. 2. Objectif du concours L\u2019objectif du concours est de promouvoir la campagne \u00ab Comptez sur les produits laitiers europ\u00e9ens \u00bb, une initiative lanc\u00e9e par INLAC pour encourager la consommation de trois produits laitiers par jour comme habitude saine et durable, en renfor\u00e7ant l\u2019engagement du secteur envers le bien-\u00eatre animal, l\u2019emploi rural et l\u2019environnement. Sur les r\u00e9seaux sociaux, l\u2019objectif sp\u00e9cifique est d\u2019augmenter la communaut\u00e9 de followers et de favoriser l\u2019interaction avec les utilisateurs. 3. Port\u00e9e territoriale et participants Peuvent participer au concours toutes les personnes physiques \u00e2g\u00e9es de plus de 18 ans r\u00e9sidant l\u00e9galement en Belgique et disposant d\u2019un compte Instagram r\u00e9el. Les employ\u00e9s ou collaborateurs de [&hellip;]<\/p>\n","protected":false},"author":1,"featured_media":0,"parent":0,"menu_order":0,"comment_status":"closed","ping_status":"closed","template":"","meta":{"_et_pb_use_builder":"on","_et_pb_old_content":"","_et_gb_content_width":"","footnotes":""},"class_list":["post-1422","page","type-page","status-publish","hentry"],"_links":{"self":[{"href":"https:\/\/cuentaconloslacteos.eu\/fr\/wp-json\/wp\/v2\/pages\/1422","targetHints":{"allow":["GET"]}}],"collection":[{"href":"https:\/\/cuentaconloslacteos.eu\/fr\/wp-json\/wp\/v2\/pages"}],"about":[{"href":"https:\/\/cuentaconloslacteos.eu\/fr\/wp-json\/wp\/v2\/types\/page"}],"author":[{"embeddable":true,"href":"https:\/\/cuentaconloslacteos.eu\/fr\/wp-json\/wp\/v2\/users\/1"}],"replies":[{"embeddable":true,"href":"https:\/\/cuentaconloslacteos.eu\/fr\/wp-json\/wp\/v2\/comments?post=1422"}],"version-history":[{"count":3,"href":"https:\/\/cuentaconloslacteos.eu\/fr\/wp-json\/wp\/v2\/pages\/1422\/revisions"}],"predecessor-version":[{"id":1426,"href":"https:\/\/cuentaconloslacteos.eu\/fr\/wp-json\/wp\/v2\/pages\/1422\/revisions\/1426"}],"wp:attachment":[{"href":"https:\/\/cuentaconloslacteos.eu\/fr\/wp-json\/wp\/v2\/media?parent=1422"}],"curies":[{"name":"wp","href":"https:\/\/api.w.org\/{rel}","templated":true}]}}

BASES LÉGALES DU CONCOURS « Comptez sur les produits laitiers européens »

<p>[et_pb_section fb_built= »1&Prime; _builder_version= »4.27.4&Prime; _module_preset= »default » global_colors_info= »{} »][et_pb_row _builder_version= »4.27.4&Prime; _module_preset= »default » global_colors_info= »{} »][et_pb_column type= »4_4&Prime; _builder_version= »4.27.4&Prime; _module_preset= »default » global_colors_info= »{} »][et_pb_text _builder_version= »4.27.4&Prime; _module_preset= »default » hover_enabled= »0&Prime; global_colors_info= »{} » sticky_enabled= »0&Prime;]</p>
<h1><strong>BASES LÉGALES DU CONCOURS « Comptez sur les produits laitiers européens »</strong><strong> </strong><strong></strong></h1>
<h2>1. Entité organisatrice</h2>
<p>Le présent concours est organisé par TACTICS EUROPE, S.A., dont le siège social est situé Paseo de la Infanta Isabel, 7 1º, 28014 Madrid, Espagne, et dont le numéro d’identification fiscale est A28900405, ci-après dénommée « L’AGENCE », agissant au nom et pour le compte de l’Organisation Interprofessionnelle Laitière, ci-après « INLAC », entité promotrice de la campagne « Comptez sur les produits laitiers européens ».</p>
<p>Le concours est gratuit et se déroulera via le compte officiel Instagram @cuentaconloslacteos.eu.</p>
<h2>2. Objectif du concours</h2>
<p>L’objectif du concours est de promouvoir la campagne « Comptez sur les produits laitiers européens », une initiative lancée par INLAC pour encourager la consommation de trois produits laitiers par jour comme habitude saine et durable, en renforçant l’engagement du secteur envers le bien-être animal, l’emploi rural et l’environnement.</p>
<p>Sur les réseaux sociaux, l’objectif spécifique est d’augmenter la communauté de followers et de favoriser l’interaction avec les utilisateurs.</p>
<h2>3. Portée territoriale et participants</h2>
<p>Peuvent participer au concours toutes les personnes physiques âgées de plus de 18 ans résidant légalement en Belgique et disposant d’un compte Instagram réel.</p>
<p>Les employés ou collaborateurs de <strong>L’AGENCE</strong> ou <strong>d’INLAC</strong> ne peuvent pas participer.</p>
<h2>4. Durée</h2>
<p>La période de participation est ouverte du 12 novembre 2025 (date de publication du concours) au 22 décembre 2025 à 12h00 (heure belge). Aucune participation ne sera acceptée en dehors de cette période.</p>
<h2>5. Modalités de participation</h2>
<p>Pour participer, les utilisateurs doivent remplir les conditions suivantes pendant la période de validité du concours :</p>
<ol>
<li style="list-style-type: none;">
<ol>
<li>Suivre le compte Instagram @cuentaconloslacteos.eu.</li>
<li>Commenter la publication du concours en indiquant comment ils contribuent à la durabilité lors de leurs achats.</li>
</ol>
</li>
</ol>
<p>Chaque utilisateur ne peut participer qu’une seule fois. Le non-respect de l’une des conditions entraînera l’invalidation de la participation.</p>
<h2>6. Prix</h2>
<p>Le prix consiste en un chariot de courses conçu par l’artiste @72kilos. Dix chariots seront tirés au sort, désignant ainsi dix gagnants.</p>
<p>Le prix ne peut être échangé contre sa valeur en espèces ni contre d’autres produits.</p>
<h2>7. Sélection et communication des gagnants</h2>
<p>Le 22 décembre 2025, les gagnants seront sélectionnés de manière aléatoire via l’application App Sorteos, garantissant la transparence du processus.</p>
<p>Les gagnants seront annoncés par un commentaire sur la publication du concours, mentionnant leur nom d’utilisateur, et ce commentaire sera republié dans les Stories. De plus, <strong>L’AGENCE</strong> contactera les gagnants par message direct (<strong>DM</strong>) sur Instagram pour leur demander les informations nécessaires à la livraison du prix.</p>
<p>Toutes les communications se feront via le compte @cuentaconloslacteos.eu.</p>
<p>Si un gagnant ne répond pas au message dans un délai de 5 jours ouvrables pour accepter le prix, il sera considéré comme ayant renoncé à celui-ci et perdra son droit au prix.</p>
<h2>8. Livraison du prix</h2>
<p>Pour procéder à l’envoi et respecter les obligations fiscales liées au concours, le gagnant devra fournir à <strong>L’AGENCE</strong>, via message direct (DM) sur Instagram au compte @cuentaconloslacteos.eu, les données personnelles suivantes :</p>
<ul>
<li style="list-style-type: none;">
<ul>
<li>Nom et prénom complets</li>
<li>Numéro d’identification fiscale (NIF)</li>
<li>Adresse postale complète</li>
<li>Numéro de téléphone</li>
</ul>
</li>
</ul>
<p>Les prix seront envoyés par service de messagerie à l’adresse indiquée par le gagnant dans un délai de 30 jours calendaires à compter de l’acceptation et de la transmission des données nécessaires.</p>
<p><strong>L’AGENCE et INLAC</strong> sont dégagées de toute responsabilité en cas de retard ou d’incident lié à la livraison des prix pour des raisons non imputables à <strong>L’AGENCE</strong>, dont l’obligation prend fin au moment où le prix est remis au service de messagerie pour livraison aux gagnants.</p>
<h2>9. Protection des données personnelles</h2>
<p>tant que responsable du traitement, dans le but de gérer la participation au concours, de respecter les obligations fiscales qui en découlent et de livrer les prix.</p>
<p>Le traitement des données sera effectué conformément à la législation espagnole et européenne en vigueur en matière de protection des données (Règlement UE 2016/679 – RGPD et Loi Organique 3/2018, LOPDGDD).</p>
<p>Les données ne seront conservées que pendant le temps nécessaire à la gestion du concours et seront supprimées une fois celui-ci terminé. Les participants peuvent exercer leurs droits d’accès, de rectification, de suppression, d’opposition, de limitation et de portabilité en envoyant une demande à l’adresse suivante : <a href="mailto:general@thetacticsgroup.com">general@thetacticsgroup.com</a>.</p>
<h2>10. Responsabilité d’Instagram</h2>
<p>Instagram ne sponsorise, n’approuve ni n’administre ce concours de quelque manière que ce soit, et n’y est pas associé. Les participants dégagent entièrement Instagram de toute responsabilité liée au déroulement du concours.</p>
<h2>11. Acceptation des conditions</h2>
<p>La participation au concours implique l’acceptation intégrale des présentes bases légales.</p>
<p>Le non-respect de l’un des points peut entraîner l’exclusion du participant.</p>
<h2>12. Loi applicable et juridiction</h2>
<p>Les présentes bases sont régies par la législation espagnole.</p>
<p>Pour toute controverse pouvant découler de l’interprétation ou de l’exécution du présent concours, les parties se soumettent expressément aux tribunaux de la ville de Madrid, renonçant à toute autre juridiction.</p>
<p>[/et_pb_text][/et_pb_column][/et_pb_row][/et_pb_section]</p>

<p>BASES LÉGALES DU CONCOURS « Comptez sur les produits laitiers européens » 1. Entité organisatrice Le présent concours est organisé par TACTICS EUROPE, S.A., dont le siège social est situé Paseo de la Infanta Isabel, 7 1º, 28014 Madrid, Espagne, et dont le numéro d’identification fiscale est A28900405, ci-après dénommée « L’AGENCE », agissant au nom et pour le compte de l’Organisation Interprofessionnelle Laitière, ci-après « INLAC », entité promotrice de la campagne « Comptez sur les produits laitiers européens ». Le concours est gratuit et se déroulera via le compte officiel Instagram @cuentaconloslacteos.eu. 2. Objectif du concours L’objectif du concours est de promouvoir la campagne « Comptez sur les produits laitiers européens », une initiative lancée par INLAC pour encourager la consommation de trois produits laitiers par jour comme habitude saine et durable, en renforçant l’engagement du secteur envers le bien-être animal, l’emploi rural et l’environnement. Sur les réseaux sociaux, l’objectif spécifique est d’augmenter la communauté de followers et de favoriser l’interaction avec les utilisateurs. 3. Portée territoriale et participants Peuvent participer au concours toutes les personnes physiques âgées de plus de 18 ans résidant légalement en Belgique et disposant d’un compte Instagram réel. Les employés ou collaborateurs de [&hellip;]</p>
